the prime factors of 849561.
3, 41, 6907
What are the prime factors of 7363208?
2, 47, 19583
What are the prime factors of 204261?
3, 68087
List the prime factors of 1820791.
7, 37159
List the prime factors of 646577.
646577
What are the prime factors of 736301?
541, 1361
List the prime factors of 194966.
2, 71, 1373
What are the prime factors of 2979550?
2, 5, 7, 8513
What are the prime factors of 5605065?
3, 5, 41519
List the prime factors of 116007.
3, 38669
What are the prime factors of 2027957?
421, 4817
List the prime factors of 2116959.
3, 13, 17, 31, 103
What are the prime factors of 3214851?
3, 41, 59, 443
What are the prime factors of 92165?
5, 18433
What are the prime factors of 3550698?
2, 3, 197261
What are the prime factors of 3510?
2, 3, 5, 13
List the prime factors of 2371292.
2, 7, 11, 7699
List the prime factors of 933306.
2, 3, 11, 79, 179
List the prime factors of 1533243.
3, 19, 37, 727
List the prime factors of 11516519.
7, 97, 2423
List the prime factors of 4124530.
2, 5, 277, 1489
List the prime factors of 2172035.
5, 434407
What are the prime factors of 3454595?
5, 690919
What are the prime factors of 1203875?
5, 9631
List the prime factors of 127023.
3, 13, 3257
What are the prime factors of 1282026?
2, 3, 73, 2927
List the prime factors of 895.
5, 179
List the prime factors of 3432641.
89, 38569
List the prime factors of 162424.
2, 79, 257
What are the prime factors of 315206?
2, 173, 911
What are the prime factors of 597375?
3, 5, 59
List the prime factors of 2131899.
3, 7, 11, 839
List the prime factors of 4117438.
2, 13, 158363
List the prime factors of 395823.
3, 131941
List the prime factors of 844708.
2, 211177
What are the prime factors of 3624572?
2, 7, 129449
What are the prime factors of 2350853?
23, 43, 2377
List the prime factors of 276338.
2, 233, 593
List the prime factors of 17840285.
5, 3568057
List the prime factors of 27308676.
2, 3, 2275723
What are the prime factors of 1130802?
2, 3, 229, 823
What are the prime factors of 7813297?
7813297
What are the prime factors of 3021820?
2, 5, 151091
What are the prime factors of 3292066?
2, 1646033
List the prime factors of 398814.
2, 3, 13, 5113
What are the prime factors of 4377584?
2, 107, 2557
What are the prime factors of 1628168?
2, 271, 751
What are the prime factors of 265944?
2, 3, 7, 1583
List the prime factors of 257266.
2, 307, 419
List the prime factors of 359463.
3, 13, 709
List the prime factors of 832932.
2, 3, 17, 1361
What are the prime factors of 3626105?
5, 7, 313, 331
List the prime factors of 2790054.
2, 3, 155003
List the prime factors of 157630.
2, 5, 11, 1433
What are the prime factors of 2460084?
2, 3, 11, 18637
List the prime factors of 41747868.
2, 3, 1159663
What are the prime factors of 3488769?
3, 387641
What are the prime factors of 251633?
29, 8677
List the prime factors of 10587974.
2, 17, 89, 3499
List the prime factors of 377006.
2, 7, 3847
List the prime factors of 1854671.
7, 13, 89, 229
What are the prime factors of 2684592?
2, 3, 103, 181
What are the prime factors of 939512?
2, 7, 19, 883
What are the prime factors of 2337545?
5, 7, 29, 47
What are the prime factors of 10650383?
691, 15413
List the prime factors of 534982.
2, 7, 53, 103
What are the prime factors of 1115857?
1115857
What are the prime factors of 1063746?
2, 3, 19699
List the prime factors of 117238.
2, 11, 73
What are the prime factors of 5948005?
5, 7, 169943
What are the prime factors of 9552314?
2, 23, 281, 739
List the prime factors of 6885138.
2, 3, 13, 103, 857
List the prime factors of 110982.
2, 3, 53, 349
List the prime factors of 954197.
409, 2333
List the prime factors of 31060802.
2, 17, 191, 4783
What are the prime factors of 8904463?
101, 131, 673
What are the prime factors of 82566?
2, 3, 11, 139
What are the prime factors of 314703?
3, 73, 479
List the prime factors of 8681712.
2, 3, 13, 13913
List the prime factors of 2781247.
7, 83, 4787
What are the prime factors of 6790435?
5, 1358087
What are the prime factors of 387149?
7, 7901
What are the prime factors of 1513719?
3, 79, 2129
What are the prime factors of 2644878?
2, 3, 47, 83, 113
What are the prime factors of 784479?
3, 29, 71, 127
What are the prime factors of 10214884?
2, 163, 15667
List the prime factors of 15406750.
2, 5, 61627
What are the prime factors of 1367910?
2, 3, 5, 15199
List the prime factors of 1821144.
2, 3, 13, 449
List the prime factors of 112783.
11, 10253
List the prime factors of 7198101.
3, 799789
List the prime factors of 1704515.
5, 340903
What are the prime factors of 445802?
2, 7, 4549
List the prime factors of 3276154.
2, 7, 241, 971
What are the prime factors of 2175342?
2, 3, 13, 167
List the prime factors of 1352673.
3, 7, 17, 421
What are the prime factors of 1361839?
1361839
What are the prime factors of 98174?
2, 191, 257
List the prime factors of 3767388.
2, 3, 313949
What are the prime factors of 259142?
2, 13, 9967
What are the prime factors of 10222615?
5, 13, 157271
What are the prime factors of 497110?
2, 5, 49711
List the prime factors of 2717600.
2, 5, 43, 79
What are the prime factors of 758700?
2, 3, 5, 281
What are the prime factors of 11619801?
3, 607, 709
What are the prime factors of 26817?
3, 7, 1277
List the prime factors of 7407550.
2, 5, 148151
List the prime factors of 16893143.
16893143
What are the prime factors of 4662969?
3, 997, 1559
What are the prime factors of 669430?
2, 5, 66943
What are the prime factors of 2499?
3, 7, 17
What are the prime factors of 3111633?
3, 7, 49391
List the prime factors of 23618.
2, 7, 241
List the prime factors of 355618.
2, 269, 661
What are the prime factors of 6773304?
2, 3, 282221
What are the prime factors of 415496?
2, 167, 311
What are the prime factors of 1768678?
2, 887, 997
List the prime factors of 1288917.
3, 7, 41, 499
What are the prime factors of 235118?
2, 13, 9043
What are the prime factors of 959647?
13, 73819
List the prime factors of 343822.
2, 353, 487
List the prime factors of 910146.
2, 3, 17, 8923
List the prime factors of 28254581.
28254581
List the prime factors of 17127927.
3, 1903103
List the prime factors of 21018151.
7, 11, 89, 3067
What are the prime factors of 430852?
2, 107713
List the prime factors of 15224340.
2, 3, 5, 89, 2851
List the prime factors of 423799.
47, 71, 127
List the prime factors of 4955084.
2, 1238771
What are the prime factors of 271?
271
List the prime factors of 434026.
2, 41, 67, 79
What are the prime factors of 5042909?
1097, 4597
What are the prime factors of 568621?
89, 6389
What are the prime factors of 1249313?
13, 17, 5653
List the prime factors of 3726916.
2, 931729
List the prime factors of 9118064.
2, 29, 43, 457
List the prime factors of 37323.
3, 11, 13, 29
List the prime factors of 39018.
2, 3, 7, 929
What are the prime factors of 67449?
3, 22483
List the prime factors of 24617132.
2, 331, 18593
List the prime factors of 8236315.
5, 773, 2131
List the prime factors of 9570682.
2, 11, 43, 67, 151
What are the prime factors of 252537?
3, 84179
List the prime factors of 873714.
2, 3, 223, 653
List the prime factors of 2629947.
3, 31, 28279
What are the prime factors of 8447578?
2, 23, 227, 809
List the prime factors of 1139412.
2, 3, 94951
List the prime factors of 10724991.
3, 3574997
List the prime factors of 1345249.
719, 1871
List the prime factors of 108896.
2, 41, 83
List the prime factors of 187866.
2, 3, 7, 71
List the prime factors of 7512875.
5, 60103
List the prime factors of 626294.
2, 313147
List the prime factors of 5762449.
7, 11, 10691
List the prime factors of 1090145.
5, 7, 31147
What are the prime factors of 39581455?
5, 83, 127, 751
What are the prime factors of 5551170?
2, 3, 5, 31, 47, 127
What are the prime factors of 38214?
2, 3, 11, 193
List the prime factors of 165529.
7, 13, 17, 107
What are the prime factors of 16543?
71, 233
List the prime factors of 338305.
5, 11, 6151
List the prime factors of 32227088.
2, 2014193
What are the prime factors of 798134?
2, 399067
List the prime factors of 9515116.
2, 13, 41, 4463
What are the prime factors of 7359?
3, 11, 223
What are the prime factors of 4987787?
7, 61, 11681
List the prime factors of 7027172.
2, 1756793
What are the prime factors of 22902